at is the remainder when m is divided by 38?
6
Let w = -55 - -86. Suppose -12*v = -677 - w. What is the remainder when v is divided by 10?
9
Let c(v) = v**2 + v + 18. Let x(d) = -4*d - 18. Let m be x(-6). Let y be ((-18)/(-4))/(m/(-12)). Calculate the remainder when c(y) is divided by 31.
28
Let l(k) = 10*k**2 + 59*k + 73. Calculate the remainder when 2209 is divided by l(-6).
76
Let a(y) = 27*y**2 - y - 7. Let n be a(-2). Let f = 171 - n. What is the remainder when f is divided by 24?
20
Let h(g) = 4*g**2 + 18*g + 49. What is the remainder when h(-8) is divided by 4?
1
Suppose 3*t + 4*i = 3, 3*t + i = -4*i. Suppose 3*g - 2*n = g + 36, 99 = 4*g + t*n. What is the remainder when 57 is divided by g?
15
Let r(k) = 4*k + 9. Let d(y) = y. Let l(h) = -5*d(h) + r(h). Let a be l(9). Suppose a = -13*s + 17*s - 16. Calculate the remainder when s is divided by 3.
1
Calculate the remainder when 5 + (0 + 12)/(-3) is divided by ((-2)/3)/(12/(-18)).
0
Suppose -16*h + 4*h = -204. What is the remainder when 114 is divided by h?
12
Suppose -6*a - 601 - 119 = 0. What is the remainder when 17 is divided by 8/(-10)*a/16?
5
Let r(v) = -3*v**2 - 26*v + 10. What is the remainder when r(-7) is divided by 10?
5
Let q(i) = -7*i + 2. Let w be q(-1). What is the remainder when 14 is divided by ((-3)/w)/(3/(-36))?
2
Suppose -j - 138 = -735. Calculate the remainder when j is divided by 12.
9
Let j = -119 + 129. Suppose 9*u = 4*u + j, -2*b - 2*u = -36. Calculate the remainder when 190 is divided by b.
14
Suppose -4*g + 8 = -0*g. Suppose -2*b - 44 = 3*q, -3*q = g*b - 4*b + 40. What is the remainder when 27 is divided by 2*q/8*-2?
6
Suppose -8 + 72 = 4*a. Suppose -3*h - 1 = -a. Suppose h*n = -n + 162. Calculate the remainder when 79 is divided by n.
25
What is the remainder when ((-3)/2)/((-6)/(-328)*-1) is divided by 32?
18
Suppose -w = 3*o - 4 - 10, 3*w = 6. Let l = -40 - -14. Let z = 28 + l. Calculate the remainder when o is divided by z.
0
Let a = -934 - -943. Calculate the remainder when 988 is divided by a.
7
What is the remainder when 287 is divided by (-58 - -54)*(-43)/2?
29
Let c(d) = -102*d - 7. Let w be c(1). Let h = 5 - w. What is the remainder when h is divided by 39?
36
Let b = -23 - -29. Suppose 114 = b*h - 72. Calculate the remainder when h is divided by (22/6)/1*3.
9
Let h(d) = -d**2 + d + 1. Let j be h(-4). Let v = 8 - j. What is the remainder when (0 - -2 - ((-33)/9 + 7))*-39 is divided by v?
25
What is the remainder when 302 is divided by ((-6)/(-3) + -6)*(-527)/124?
13
What is the remainder when 6/10 + (-3864)/(-60) is divided by 23?
19
Let n = -3 - 9. Let g be (3 + 20/n)*9. Suppose 4*k - 108 - g = 0. What is the remainder when 87 is divided by k?
27
Suppose -3*o - u = -11, -o + 27 = 2*o - 3*u. Let q = o + 14. Let b = 4 + q. Calculate the remainder when 45 is divided by b.
22
Let q be (-15)/(-25) - (3 + 26/10). Let g(u) = 2*u**2 + u + 6. Calculate the remainder when g(q) is divided by 13.
12
Let o = 36 - 9. Suppose -2*u = -u - o. Let q = 51 - 41. Calculate the remainder when u is divided by q.
7
Let h = 7 - 8. Let r(v) = 2*v**2 - 2*v - 1. Let s be r(h). Calculate the remainder when 13 is divided by -2*s/((-18)/21).
6
Let a(k) = -3 - 7 + 3*k + 3*k + 3*k. What is the remainder when a(7) is divided by ((-2)/5)/(4*(-6)/840)?
11
Suppose 13*t + 122 = 16*t - 2*s, -176 = -4*t - 4*s. What is the remainder when t is divided by 15?
12
Let o = 102 - 69. Let h be (-3)/2*8/(-6). Suppose 4*k + 2*v = k + 37, h*k - 4*v + 2 = 0. Calculate the remainder when o is divided by k.
6
Suppose -3*k = -n + 1, -3*k - 4*n + 9*n - 5 = 0. Suppose 0*y + y - 17 = k. What is the remainder when 61 is divided by y?
10
Let r = -9 + 2. What is the remainder when 38 is divided by 56/r*1*-1?
6
Let f(k) = -27*k - 1350. What is the remainder when f(-53) is divided by 47?
34
Let h = 136 - 86. Suppose 3*l = 4*n - h + 18, l = 5*n - 51. What is the remainder when 19 is divided by n?
8
Suppose -3*g + 4*g - w = 58, -66 = -g - 3*w. Suppose -6*a + g = -3*a. What is the remainder when 59 is divided by a?
19
Let o = 95 - 89. What is the remainder when 22 is divided by o?
4
What is the remainder when 62 is divided by -2 + 19 + (-5 - -2)?
6
Let r(l) = l**3 - 6*l**2 + 6*l + 6. Suppose -3*u = -6*u + 15. What is the remainder when 43 is divided by r(u)?
10
Let l(a) = -288 + 4*a**2 - a + 287 + a. What is the remainder when l(-4) is divided by 13?
11
Suppose 7*k - 3*k = 260. Calculate the remainder when 1104 is divided by k.
64
Let o = 3015 - 1655. Calculate the remainder when o is divided by 47.
44
Let x(o) = -o**2 - 29*o - 78. Calculate the remainder when 0 + (60 - (0 + 0)) is divided by x(-4).
16
Suppose -2*r = 10*f - 13*f + 53, 4*f + r - 78 = 0. Calculate the remainder when 111 is divided by f.
16
Let d = -100 + 43. Let c = 78 + d. What is the remainder when c is divided by 12?
9
Let s(z) be the first derivative of -z**4/4 + 20*z**3/3 - 19*z**2/2 + 4*z + 12. What is the remainder when 12 is divided by s(19)?
0
Let l(t) = t**3 + 8*t**2 - t. Let u be l(-7). Suppose 0 = 3*j + 4*x - 29, 27 = 5*j + 5*x - 18. Let b = j + u. Calculate the remainder when b is divided by 22.
19
Suppose 16*s = 7*s + 828. Let g be (-2)/8 + 87/12. Suppose g*f + 8 = s. What is the remainder when 71 is divided by f?
11
Calculate the remainder when 90 is divided by 29 - 3*15/(-9).
22
Calculate the remainder when (-718)/(-12) - -3*9/162 is divided by 10.
0
Let s(t) = 3*t - 1. Suppose -5*v = -0*v - 30. Suppose -c - v = -2*c. What is the remainder when s(4) is divided by c?
5
Let i = 10 - -2. Suppose z + i = -3*z. Calculate the remainder when 27 is divided by (-1 - 2)*7/z.
6
What is the remainder when 38 is divided by 6 - (-3 + 46/6*-3)?
6
Suppose -18 = 3*f - 5*f. Suppose -f*h + 800 = -h. What is the remainder when h is divided by 34?
32
Let o(x) = -x**3 - 16*x**2 + 25*x + 3. Let a(k) = k**3 - 7*k**2 + 7*k - 8. Calculate the remainder when o(-18) is divided by a(7).
37
Let a(w) = w**2 - w. Let l(t) = -t**2 + 2*t + 31. Let n(p) = p**2 - p - 31. Let h(s) = -5*l(s) - 4*n(s). What is the remainder when h(10) is divided by a(3)?
3
Suppose -405*g + 273 = -402*g. What is the remainder when 175 is divided by g?
84
Let t = 115 + -82. Let q = -576 - -585. Calculate the remainder when t is divided by q.
6
Suppose 0 = 2*k - 4*v - 12, -v - 12 = -6*k + k. Let z(d) = 3*d - 125. Let w be z(0). Let u = -122 - w. Calculate the remainder when u is divided by k.
1
Let i(l) = l**3 - 13*l**2 + 54*l + 28. Calculate the remainder when i(12) is divided by 89.
87
Suppose -5*w = -6 - 4. Let t(d) = d**3 + 9*d**2 + 4. Let c = -79 + 70. What is the remainder when t(c) is divided by w?
0
Let m = -317 + 207. Let b = m + 124. What is the remainder when b is divided by 3?
2
Let h = -1 + 3. Suppose 0 = -2*y + 5*x - 110, x = 3*y + 5*x + 188. Let w = y - -65. What is the remainder when w is divided by h?
1
Suppose 2*m - 28 = -5*q, 5*m - 5*q - 89 = -8*q. Let g(t) be the second derivative of t**3/3 - t**2 + 3*t. What is the remainder when m is divided by g(6)?
9
What is the remainder when (4 - 225/(-10))*2 is divided by 6?
5
Let j(o) = -3*o**3 - 4*o**2 + 22*o + 9. What is the remainder when j(-4) is divided by 4?
1
Let d be 1*(10 - 3) - 3. Suppose 2*y - 5*x = d*y - 14, -4*x = y - 4. Suppose -t + y = -4. Calculate the remainder when 29 is divided by t.
13
Let c(a) = 8*a**2 - 868*a + 442. Let p = 26 + 9. Let f = 14 + p. What is the remainder when f is divided by c(108)?
9
Let w(l) = -70*l**2 - 2*l. Let q be w(2). Suppose 1486 = -12*x + 69*x - 851. What is the remainder when x is divided by 1/(-5) + q/(-20)?
13
Suppose -11*v + 2912 = 3*v. What is the remainder when v is divided by 35?
33
Let x(y) = -y**3 + 14*y**2 - 6*y - 28. Let n be x(13). Suppose 0 = -z - 2*w - 3 + 28, 3*z + 3*w = n. What is the remainder when 27 is divided by z?
10
Let k = 180 + 60. Suppose 0 = -0*n + 10*n - k. Calculate the remainder when 92 is divided by n.
20
Let o = 15 - 13. Let q be o - (-4 - -10)*-2. Suppose 4*l - 170 + q = 0. Calculate the remainder when l is divided by 20.
19
Suppose 22*w = 3107 - 1039. What is the remainder when w is divided by 38?
18
Suppose 7*z - 3*z = 152. Let j(h) = -91*h**2 + 821*h + 3. What is the remainder when z is divided by j(9)?
17
Let m be 6/21 - (-36)/21. Let o be (m - 4)